{"id":8677,"date":"2022-07-25T21:46:53","date_gmt":"2022-07-25T21:46:53","guid":{"rendered":"https:\/\/awequipamientos.com\/new\/?post_type=product&#038;p=8677"},"modified":"2024-04-12T15:53:13","modified_gmt":"2024-04-12T15:53:13","slug":"batidora-de-mano-peabody-blanca","status":"publish","type":"product","link":"https:\/\/awequipamientos.com\/new\/index.php\/producto\/batidora-de-mano-peabody-blanca\/","title":{"rendered":"Batidora de mano Peabody blanca"},"content":{"rendered":"<p class=\"ui-pdp-description__title\">La batidora Peabody PE-HM550 es pr\u00e1ctica y sencilla de usar. Su dise\u00f1o compacto y de f\u00e1cil agarre te permitir\u00e1 batir mezclas esponjosas sin forzar tus brazos y mu\u00f1ecas. Podr\u00e1s moler ingredientes en el mismo recipiente en el que se preparan y utilizarla para hacer diferentes tipos de pur\u00e9s, salsas y sopas. Adem\u00e1s incluye batidor de gancho, batidor el\u00edptico.<\/p>\n","protected":false},"excerpt":{"rendered":"<p>Funciones: amasar y batir.<br \/>\nCuenta con 4 velocidades.<br \/>\nLos batidores est\u00e1n fabricados en acero inoxidable.<br \/>\nIncluye funci\u00f3n pulsar y turbo.<br \/>\nSu potencia es de 300 W.<br \/>\nIncluye accesorios.<\/p>\n","protected":false},"featured_media":8681,"template":"","meta":{"_acf_changed":false},"pwb-brand":[75],"product_cat":[81,20],"product_tag":[],"class_list":{"0":"post-8677","1":"product","2":"type-product","3":"status-publish","4":"has-post-thumbnail","6":"pwb-brand-peabody","7":"product_cat-articulos-reposteria","8":"product_cat-bazar","10":"first","11":"outofstock","12":"shipping-taxable","13":"purchasable","14":"product-type-simple"},"acf":[],"brands":[{"id":75,"name":"Peabody","slug":"peabody"}],"_links":{"self":[{"href":"https:\/\/awequipamientos.com\/new\/index.php\/wp-json\/wp\/v2\/product\/8677","targetHints":{"allow":["GET"]}}],"collection":[{"href":"https:\/\/awequipamientos.com\/new\/index.php\/wp-json\/wp\/v2\/product"}],"about":[{"href":"https:\/\/awequipamientos.com\/new\/index.php\/wp-json\/wp\/v2\/types\/product"}],"version-history":[{"count":1,"href":"https:\/\/awequipamientos.com\/new\/index.php\/wp-json\/wp\/v2\/product\/8677\/revisions"}],"predecessor-version":[{"id":8682,"href":"https:\/\/awequipamientos.com\/new\/index.php\/wp-json\/wp\/v2\/product\/8677\/revisions\/8682"}],"wp:featuredmedia":[{"embeddable":true,"href":"https:\/\/awequipamientos.com\/new\/index.php\/wp-json\/wp\/v2\/media\/8681"}],"wp:attachment":[{"href":"https:\/\/awequipamientos.com\/new\/index.php\/wp-json\/wp\/v2\/media?parent=8677"}],"wp:term":[{"taxonomy":"pwb-brand","embeddable":true,"href":"https:\/\/awequipamientos.com\/new\/index.php\/wp-json\/wp\/v2\/pwb-brand?post=8677"},{"taxonomy":"product_cat","embeddable":true,"href":"https:\/\/awequipamientos.com\/new\/index.php\/wp-json\/wp\/v2\/product_cat?post=8677"},{"taxonomy":"product_tag","embeddable":true,"href":"https:\/\/awequipamientos.com\/new\/index.php\/wp-json\/wp\/v2\/product_tag?post=8677"}],"curies":[{"name":"wp","href":"https:\/\/api.w.org\/{rel}","templated":true}]}}